ose -r + h = r. Calculate z(r).
-9
Let q(v) be the third derivative of 0*v - 1/12*v**4 + 0 - 7*v**2 + 7/6*v**3. Calculate q(7).
-7
Let d(j) = j + 19. Let x = 77 - 89. Let g be d(x). Let b(s) be the first derivative of s**4/4 - 2*s**3 - 7*s**2/2 + 6*s + 1. Give b(g).
6
Let q be -5 + 22 + -7 - 9. Let a(v) be the first derivative of -1/3*v**3 + 0*v - q + 3/4*v**4 - 1/2*v**2. What is a(-1)?
-3
Suppose -4*p + 20 = -3*z - z, -2*z - 2*p - 18 = 0. Let y be 7/(-2)*4/z. Let t(j) = -4*j**y + 3*j**2 + 4*j**2 - 5*j + 7 - 4*j**2. Calculate t(-6).
1
Let t(q) = -6 + q**2 - 667*q + 658*q - 10. Give t(10).
-6
Let q(p) be the third derivative of -5*p**4/24 - p**3 - 539*p**2. Determine q(5).
-31
Let d(t) = -3*t**3 + t**2 + 8*t + 5. Let u(n) = -7*n**3 + 18*n + 11. Let g(r) = 5*d(r) - 2*u(r). What is g(6)?
-9
Let y(q) be the second derivative of q**4/3 - q**3/6 - q**2 + 2*q. Let o(m) = -m**3 + m**2 + 6*m - 3. Let f be o(2). Let h be (-3 - (-65)/25)*f. Determine y(h).
16
Suppose 2*u = 5*m - 2*m - 3, -4*m - 16 = 4*u. Let n(p) = -3*p + 4*p - 1 - 3*p. Determine n(u).
5
Let t(l) be the second derivative of l**4/12 - 17*l**3/6 - 19*l**2/2 - 302*l + 2. Determine t(18).
-1
Let b(l) = -l**2 + 4*l - 3. Suppose -2*o = 2, 0 = -2*x - x - o + 50. Suppose -2*m = 10, d - x = m + 2*m. Calculate b(d).
1
Let c be (21/(-9) + 3)*1*18. Let w(z) = z**3 - 12*z**2 + z - 4. Calculate w(c).
8
Let c(j) = -j**3 + 6*j**2 + 2*j - 7. Let l = 64 + -58. Calculate c(l).
5
Let p(y) = 2*y + 5. Suppose -6 = 4*b - 18. Suppose 2*c + 92 = 4*s, 0*c + 14 = s + 4*c. Let h be -5*(b + s/(-10)). What is p(h)?
-3
Let p(a) = a**2 + 10*a + 14. Suppose 2*o = -6, -4*h + 3*o - 8 = 23. Give p(h).
14
Let g(b) = b**3 + 7*b**2 + 6*b - 3. Let i = -13 + 28. Let j be (-3)/i + (-44)/(-20). Suppose -26 = 4*y + 2*u, 9 = -j*y - 4*u - 7. Calculate g(y).
-3
Let j(k) be the second derivative of -k**4/12 + k**3/2 + k**2/2 - 308*k. Determine j(0).
1
Let n be 29 + -8 - (-2 - 1). Suppose 0 = -6*k + n. Suppose 2*l = -k*l. Let j(a) = -a - 3. What is j(l)?
-3
Let o(u) = 5*u**3 + u**2 + 2*u - 2. Let k(p) = 4*p**3 + p - 2. Let i(y) = 4*k(y) - 3*o(y). Give i(4).
6
Let a(k) = -k**2 - 3*k - 3. Let n = -142 - -93. Let c = n + 47. Calculate a(c).
-1
Let b(t) = -t**3 + 14*t**2 - 14*t + 19. Let p(u) = u**3 - 25*u**2 + 40*u + 151. Let o be p(23). Determine b(o).
6
Let n(s) = -2*s**2 - 2*s - 3. Let f(p) = -5*p**2 - 4*p - 6. Let k(a) = 3*f(a) - 7*n(a). Let r(l) = 5*l**3 - 5*l + 4. Let c be r(1). What is k(c)?
-5
Let v(n) = 46*n + 12. Let y(t) = 11*t + 3. Let u(l) = 2*v(l) - 9*y(l). Calculate u(-11).
74
Suppose -c - 50 + 53 = 0. Let i(r) = -r**3 + 4*r**2 - 2*r + 1. Determine i(c).
4
Let g(c) = c - 7. Let j be g(0). Suppose i = -4*u + 8, -6*u - 3*i = -2*u - 16. Let q(d) = -d**2 + 7 + 2 + d - u - 6*d. Calculate q(j).
-6
Suppose -6*g = -2*g - 3*n - 15, 0 = -5*g + 3*n + 18. Suppose 0 = -g*y - 9, -4*p + 0*y + 18 = -2*y. Let z(x) = x**3 - 6*x**2 + 3*x + 3. Determine z(p).
-15
Let h(r) = -r**3 + r**2 + 5. Let d be h(0). Let f(b) = b**2 - 3*b - 6. Let n be f(d). Let x(l) = -l**3 + 2*l**3 - 4*l - 1 + l - 3*l**2. What is x(n)?
3
Let d(n) be the first derivative of -15 + 1/4*n**4 + 2*n**3 - 9/2*n**2 - 10*n. Give d(-7).
4
Let h(q) be the third derivative of q**5/30 - q**4/24 - q**3/6 - 8*q**2. Let y(d) be the first derivative of h(d). What is y(3)?
11
Let m(c) = -c**3 - 6*c**2 - 7*c + 1. Let u be m(-5). Suppose 4*x + u = 7. Let r(s) = -2*s - 1. Let v(z) = -2*z - 1. Let f(i) = -4*r(i) + 5*v(i). Give f(x).
1
Let l(d) = 2 - d - 4 + 2*d. Suppose 4*p + 2*o = -2*o - 8, -o = -3*p - 14. Let c be l(p). Let a(h) = -h**3 - 6*h**2 - h - 8. Calculate a(c).
-2
Suppose 0 = -4*l + 10 - 2. Let k(x) = x**2 - 3*x + 3 - x**2 - x**l - 4. Give k(-3).
-1
Let m(d) = 13 - 7 - 67*d + 20 + 62*d. Give m(6).
-4
Let q be ((-1 + 79)/(-3))/(-2). Let y = q + -9. Let g(a) = y*a + 0 - a - 2 + a**2 + 3*a. What is g(-6)?
-2
Let d(c) = -3*c**3 + c**2. Let g(w) = w**2 + 4*w - 4. Let n be g(-5). Calculate d(n).
-2
Let g be -1 - 1 - (3 + -9). Let f be (g - 2)*(-75)/(-6). Suppose -5*n + 25 = 5*h, f = 2*n + 2*n - h. Let r(y) = -y - 1. Determine r(n).
-7
Let w(o) = 7*o**2 + 1. Let r be w(-1). Suppose k + k = r. Suppose k*u = -2*x, -2*u + 9*x - 4*x = 12. Let n(i) = -7*i - 1. Determine n(u).
6
Suppose -4*q - 230 = 5*r - 71, -q + r - 51 = 0. Let o be (69/q)/(2/(-8)*3). Let s(v) = -3*v**2 + 3*v - 2. Determine s(o).
-8
Let q(p) = 2*p**2 + p + 1. Let g(o) = 3*o**2 - o + 3. Let z(a) = g(a) - 2*q(a). Calculate z(-4).
-3
Suppose -r - 54 = -10*r. Let g(n) = 3*n - 4 + 2*n + 2 - r*n. Let s be (-26)/(-6) - (-1)/(-3). What is g(s)?
-6
Let u(a) = a**3 + 11*a**2 - a - 10. Suppose -25 = 2*z + 3*b, 4*z + 43*b + 45 = 42*b. What is u(z)?
1
Let z(o) = -7 + 3*o**2 + 55*o - 4*o**2 - 3 + 69*o - 110*o. What is z(13)?
3
Let b = -15 - -11. Let x = -2 - b. Let w(p) = -4*p + 2. What is w(x)?
-6
Let u(o) = -o**2 + 9*o - 1. Let j(d) = 0*d + 2*d**3 + d**2 + 5*d - 2*d + 8*d**2 + 4. Let a be j(-4). What is u(a)?
7
Let m(h) = h - 9. Let a(u) = 2*u - 10. Let p = 8 + -3. Let d(s) = p*m(s) - 4*a(s). Give d(-6).
13
Let z(k) = 20*k - 13*k + 3*k - 1. Suppose 0 = -u + 2*c + 5, 0 = -5*u + c - 1 + 8. Calculate z(u).
9
Let o(x) be the second derivative of -x**3/3 + 4*x**2 - 157*x. Give o(6).
-4
Let u(d) = -3*d + 1. Suppose -4*r + 41 + 19 = 0. Suppose -12*l + 11 = -181. Let w = r - l. Determine u(w).
4
Let a = -90 + 96. Let g(v) = 4 - 9*v**2 - v**3 + a - 10 + 10 - 5*v. Determine g(-8).
-14
Let v(g) = 9*g - 3. Suppose -81*s = -152*s - 284. Calculate v(s).
-39
Let j(f) be the second derivative of -1/6*f**3 + 1/12*f**4 - f**2 + 0 - 2*f. Let t be ((-20)/15)/((-4)/(-6)). Determine j(t).
4
Let i be -16 - -16 - (-4 + 1). Let r(b) = -4*b - 202 + 198 + i*b. Give r(3).
-7
Let l(m) = 13*m + 32. Let j(b) = -13*b - 27. Let h(f) = -6*j(f) - 5*l(f). Give h(3).
41
Let p(k) be the first derivative of 5*k + 1/6*k**3 + 1/2*k**4 + 0*k**2 - 5. Let q(u) be the first derivative of p(u). What is q(-1)?
5
Let w(b) be the first derivative of b**5/60 + b**4/24 - 2*b**3/3 - b**2 + 10. Let c(t) be the second derivative of w(t). What is c(-3)?
2
Suppose 14 = 3*w - 2*j, -16 = 4*j - 0*j. Let s(b) = -4*b + 568 - w*b**2 - 574 - 2*b. Calculate s(-4).
-14
Let z(s) = s**2 + 4*s - 6. Let h(g) = -1. Let d(r) = -4*h(r) + z(r). Let b = 9 - 6. Let j = -8 + b. Determine d(j).
3
Let j(t) be the first derivative of t**2/2 + 3*t - 10. Let h(g) = -2*g - 27. Let y be h(-12). Determine j(y).
0
Let l(b) = b + 11. Suppose -q - 27 = 3*p, 2*q + 2*q + 2*p + 148 = 0. Let v = q + 34. Let u be l(v). Let f(i) = -i**2 + 8*i - 7. What is f(u)?
5
Let o(z) = z**2 - 3*z - 2. Suppose 5*r - 30 = 19*s - 14*s, 5*s - 6 = -4*r. Determine o(s).
8
Let k(y) = -9*y + 1. Let x be ((-384)/448)/(2/7). Determine k(x).
28
Let y(x) = -x. Suppose 5*q - 2*n = -3*n - 5, 2*n = 2*q - 10. Let o be ((-140)/(-18) - q) + 4/18. Calculate y(o).
-8
Let d(q) = q**3 + 11*q**2 - 17*q - 6. Let s(n) = n**3 - 32*n**2 - 67*n - 46. Let f be s(34). Determine d(f).
54
Let f(y) = -2. Let l(m) be the third derivative of -m**4/8 + 5*m**3/6 + 13*m**2. Let c(x) = 4*f(x) + 2*l(x). Give c(2).
-10
Let i(f) = -f**3 - 6*f**2 + 16*f - 6. Let p be -5 - -13 - (4 - -12). Give i(p).
-6
Suppose 0 = c + 2*c + 4*n - 116, -75 = -2*c - 5*n. Let v be c/(-5)*(-5)/4. Let q(o) = 9 - v + 0*o + o. Calculate q(6).
5
Let i(d) = -d**3 + 5*d**2 + 5*d - 10. Let c(h) = 2*h**3 - 8*h**2 - 9*h + 1. Let j be c(5). Give i(j).
-16
Suppose 5*p - 2*t - 20 = 0, 3*p + 65*t = 60*t - 19. Let a(x) = -9*x + 2. Calculate a(p).
-16
Suppose 5*h - 5*b + 6*b = 3, 2*h - 5*b - 12 = 0. Let a(q) = -64*q + 1. Let x(m) = 35*m - 1. Let f(p) = a(p) + 2*x(p). Determine f(h).
5
Let s(p) be the first derivative of -p**3/3 + 5*p**2/2 - 3*p - 1. Suppose -12*y = 51 - 87. Give s(y).
3
Let r(m) be the first derivative of 2*m**3/3 - 5*m**2/2 + 2*m - 2. Let k be 6/15 + (-72)/30. Let g be (3 + (-90)/25)/(k/10). Calculate r(g).
5
Let n(l) = -18*l**3 + 2*l + 11. Let j(m) = -9*m**3 + m + 6. Suppose 5*f - 30 = 10*f. Let b(q) = f*n(q) + 11*j(q). Calculate b(1).
8
Let c(x) = -3*x + 4. Let a be (-1)/3 + 2150/15. Suppose b - a + 140 = 0. Give c(b).
-5
Suppose -4*p - p + 29 = 4*x, 22 = -3*x + 5*p. Let v = 10 - x. Let j(l) = 3*l - 3 - v*l - l**2 - 3 + 1. What is j(-5)?
0
Let i(m) = -2*m**2 + 3*m + 2. Let y(k) = -3*k**2 + 3